{"id":87,"date":"2013-02-01T21:12:44","date_gmt":"2013-02-01T19:12:44","guid":{"rendered":"http:\/\/www.efg-siegen-weidenau.de\/start\/?page_id=87"},"modified":"2024-03-09T12:47:51","modified_gmt":"2024-03-09T11:47:51","slug":"kontakt-zur-gemeinde","status":"publish","type":"page","link":"http:\/\/www.efg-siegen-weidenau.de\/start\/kontakt-zur-gemeinde\/","title":{"rendered":"Kontakt zur Gemeinde &#8211; Impressum"},"content":{"rendered":"<p><a href=\"http:\/\/www.efg-siegen-weidenau.de\/start\/wp-content\/uploads\/2013\/02\/blog-kontakt-680x302.jpg\"><img loading=\"lazy\" class=\"alignnone size-full wp-image-172\" src=\"http:\/\/www.efg-siegen-weidenau.de\/start\/wp-content\/uploads\/2013\/02\/blog-kontakt-680x302.jpg\" alt=\"Kontakt\" width=\"680\" height=\"302\" srcset=\"http:\/\/www.efg-siegen-weidenau.de\/start\/wp-content\/uploads\/2013\/02\/blog-kontakt-680x302.jpg 680w, http:\/\/www.efg-siegen-weidenau.de\/start\/wp-content\/uploads\/2013\/02\/blog-kontakt-680x302-300x133.jpg 300w\" sizes=\"(max-width: 680px) 100vw, 680px\" \/><\/a><\/p>\n<p><span style=\"color: #333333;\">Nicht nur, dass wir uns \u00fcber jedes eMail und jede Zuschrift freuen, wir freuen uns vor allem \u00fcber jeden pers\u00f6nlichen Kontakt, der entsteht und w\u00e4chst.&nbsp;<\/span><\/p>\n<p><span style=\"color: #333333;\">Dar\u00fcberhinaus sind wir dankbar f\u00fcr Anregungen, gute Links und alles, was interessant ist.&nbsp;<\/span><\/p>\n<p><span style=\"color: #333333;\">Hier nun einige Kontakt-Adressen:<br \/>\n<\/span><\/p>\n<p><strong><span style=\"color: #333333;\">Postadresse&nbsp;<br \/>\n<\/span><\/strong><span style=\"color: #333333;\">Evangelisch-Freikirchliche Gemeinde Siegen-Weidenau&nbsp; <\/span><br \/>\n<span style=\"color: #333333;\"> Engsbachstra\u00dfe 61&nbsp; <\/span><br \/>\n<span style=\"color: #333333;\"> 57076 Siegen&nbsp;<br \/>\n<\/span><\/p>\n<p><span style=\"color: #000000;\"><strong>Gemeindepastorin<br \/>\n<\/strong><\/span>Carmen Ibe<br \/>\nEngsbachstra\u00dfe 61<br \/>\n57076 Siegen-Weidenau<br \/>\nFon 01590\/1347429<br \/>\neMail&nbsp;&nbsp; <a href=\"mailto:pastorin@efg-siegen-weidenau.de\">pastorin@efg-siegen-weidenau.de<\/a><\/p>\n<p><strong><span style=\"color: #333333;\">Gemeindeb\u00fcro<\/span><\/strong><br \/>\nIngrid Kolb<br \/>\nEngsbachstra\u00dfe 61<br \/>\n57076 Siegen-Weidenau<br \/>\n<span style=\"color: #000000;\"> eMail<\/span> &nbsp; <a href=\"mailto:buero@efg-siegen-weidenau.de\">buero@efg-siegen-weidenau.de<\/a><\/p>\n<p>&nbsp;<\/p>\n<p><strong><span style=\"color: #333333;\">Webseitenbetreuung<br \/>\n<\/span><\/strong><em><span style=\"color: #333333;\">(inhaltlich Verantwortlich gem\u00e4\u00df \u00a7 6 MDStV)<\/span><\/em><\/p>\n<p><span style=\"color: #333333;\"><span style=\"color: #808080;\">Johannes Steinbr\u00fcck<\/span><br \/>\n<span style=\"color: #808080;\"> Brunnenweg 19<\/span><br \/>\n<span style=\"color: #808080;\"> 57078 Siegen<\/span><br \/>\n<\/span><span style=\"color: #333333;\"><span style=\"color: #808080;\">eMail<\/span> &nbsp; <a href=\"mailto:webseitenbetreuung@efg-siegen-weidenau.de\">webseitenbetreuung@efg-siegen-weidenau.de<\/a><\/span><\/p>\n<p><strong style=\"color: #333333;\"><span style=\"color: #333333;\">Haftungsausschluss<\/span><\/strong><\/p>\n<p><span style=\"color: #333333;\">Trotz sorgf\u00e4ltiger inhaltlicher Kontrolle \u00fcbernehmen wir keine Haftung f\u00fcr die Inhalte externer Links. F\u00fcr den Inhalt der verlinkten Seiten sind ausschlie\u00dflich deren Betreiber verantwortlich.<br \/>\n<\/span><\/p>\n<p><strong><span style=\"color: #333333;\">Copyright<\/span><\/strong><\/p>\n<p><span style=\"color: #333333;\">Alle Texte und Grafiken sowie das Design dieser Homepage sind urheberrechtlich gesch\u00fctzt. Layout und Texte stammen &#8211; falls nicht anders vermerkt &#8211; von der EFG-Siegen-Weidenau.<\/span><\/p>\n<p><span style=\"color: #333333;\">Alle Bilder unterliegen dem Urheberrecht des jeweiligen Fotografen. Alle Rechte vorbehalten.<\/span><\/p>\n<p><span style=\"color: #333333;\">Kein Teil dieser Homepage darf (auch auszugsweise) ohne schriftliche Genehmigung in irgendeiner Form reproduziert oder weiter verwendet werden.<\/span><\/p>\n<p><span style=\"color: #333333;\">F\u00fcr Anfragen zu Genehmigungen benutzen Sie bitte oben genannte eMail-Adressen.<\/span><\/p>\n","protected":false},"excerpt":{"rendered":"<p>Nicht nur, dass wir uns \u00fcber jedes eMail und jede Zuschrift freuen, wir freuen uns vor allem \u00fcber jeden pers\u00f6nlichen Kontakt, der entsteht und w\u00e4chst.&nbsp; Dar\u00fcberhinaus sind wir dankbar f\u00fcr (&hellip;) <a href=\"http:\/\/www.efg-siegen-weidenau.de\/start\/kontakt-zur-gemeinde\/\">Weiterlesen<\/a><\/p>\n","protected":false},"author":1,"featured_media":0,"parent":0,"menu_order":0,"comment_status":"closed","ping_status":"closed","template":"","meta":{"_bbp_topic_count":0,"_bbp_reply_count":0,"_bbp_total_topic_count":0,"_bbp_total_reply_count":0,"_bbp_voice_count":0,"_bbp_anonymous_reply_count":0,"_bbp_topic_count_hidden":0,"_bbp_reply_count_hidden":0,"_bbp_forum_subforum_count":0},"_links":{"self":[{"href":"http:\/\/www.efg-siegen-weidenau.de\/start\/wp-json\/wp\/v2\/pages\/87"}],"collection":[{"href":"http:\/\/www.efg-siegen-weidenau.de\/start\/wp-json\/wp\/v2\/pages"}],"about":[{"href":"http:\/\/www.efg-siegen-weidenau.de\/start\/wp-json\/wp\/v2\/types\/page"}],"author":[{"embeddable":true,"href":"http:\/\/www.efg-siegen-weidenau.de\/start\/wp-json\/wp\/v2\/users\/1"}],"replies":[{"embeddable":true,"href":"http:\/\/www.efg-siegen-weidenau.de\/start\/wp-json\/wp\/v2\/comments?post=87"}],"version-history":[{"count":40,"href":"http:\/\/www.efg-siegen-weidenau.de\/start\/wp-json\/wp\/v2\/pages\/87\/revisions"}],"predecessor-version":[{"id":4566,"href":"http:\/\/www.efg-siegen-weidenau.de\/start\/wp-json\/wp\/v2\/pages\/87\/revisions\/4566"}],"wp:attachment":[{"href":"http:\/\/www.efg-siegen-weidenau.de\/start\/wp-json\/wp\/v2\/media?parent=87"}],"curies":[{"name":"wp","href":"https:\/\/api.w.org\/{rel}","templated":true}]}}